{"id":64,"date":"2026-04-08T12:52:29","date_gmt":"2026-04-08T10:52:29","guid":{"rendered":"https:\/\/www.monkitvmc.fr\/?page_id=64"},"modified":"2026-04-08T12:52:29","modified_gmt":"2026-04-08T10:52:29","slug":"mentions-legales","status":"publish","type":"page","link":"https:\/\/www.monkitvmc.fr\/index.php\/mentions-legales\/","title":{"rendered":"Mentions l\u00e9gales"},"content":{"rendered":"<section  class='av_textblock_section av-av_textblock-1425693e5966431a6c9212f634651361 '   itemscope=\"itemscope\" itemtype=\"https:\/\/schema.org\/CreativeWork\" ><div class='avia_textblock'  itemprop=\"text\" ><h1><b><span dir=\"auto\" style=\"vertical-align: inherit;\"><span dir=\"auto\" style=\"vertical-align: inherit;\">MENTIONS L\u00c9GALES<\/span><\/span><\/b><br \/>\n<b><\/b><\/h1>\n<ul>\n<li aria-level=\"1\">\n<h2><b><span dir=\"auto\" style=\"vertical-align: inherit;\"><span dir=\"auto\" style=\"vertical-align: inherit;\">1 Informations g\u00e9n\u00e9rales\u00a0<\/span><\/span><\/b><\/h2>\n<\/li>\n<\/ul>\n<p><span style=\"font-weight: 400;\"><span dir=\"auto\" style=\"vertical-align: inherit;\"><span dir=\"auto\" style=\"vertical-align: inherit;\">L&rsquo;\u00e9diteur de publication est :<\/span><\/span><\/span><span dir=\"auto\" style=\"vertical-align: inherit;\"><span dir=\"auto\" style=\"vertical-align: inherit;\"> MonKitElec par Refresh <\/span><\/span><br \/>\n<span dir=\"auto\" style=\"vertical-align: inherit;\"><span dir=\"auto\" style=\"vertical-align: inherit;\"> Refresh Services SARL <\/span><\/span><br \/>\n<span dir=\"auto\" style=\"vertical-align: inherit;\"><span dir=\"auto\" style=\"vertical-align: inherit;\"> Inscrit au RCS 980 139 901 de Saint-Nazaire <\/span><\/span><br \/>\n<span dir=\"auto\" style=\"vertical-align: inherit;\"><span dir=\"auto\" style=\"vertical-align: inherit;\"> Dont le si\u00e8ge social se situe au 8 ALLEE DE MADAME, 44630 PLESSE<\/span><\/span><\/p>\n<p><span style=\"font-weight: 400;\"><span dir=\"auto\" style=\"vertical-align: inherit;\"><span dir=\"auto\" style=\"vertical-align: inherit;\">(ci-apr\u00e8s \u00ab MonKitElec <\/span><\/span><\/span><span style=\"font-weight: 400;\"><span dir=\"auto\" style=\"vertical-align: inherit;\"><span dir=\"auto\" style=\"vertical-align: inherit;\">\u00a0\u00bb).<\/span><\/span><\/span><\/p>\n<ol>\n<li style=\"font-weight: 400;\" aria-level=\"1\"><span style=\"font-weight: 400;\"><span dir=\"auto\" style=\"vertical-align: inherit;\"><span dir=\"auto\" style=\"vertical-align: inherit;\">Conform\u00e9ment \u00e0 la loi n\u00b02004-575 du 21 juin 2004 pour la confiance dans l&rsquo;\u00e9conomie num\u00e9rique, nous vous informons que le site internet \u00ab www.MonKitElec.fr \u00bb (ci-apr\u00e8s le \u00ab\u00a0 <\/span><\/span><\/span><b><span dir=\"auto\" style=\"vertical-align: inherit;\"><span dir=\"auto\" style=\"vertical-align: inherit;\">Site <\/span><\/span><\/b><span style=\"font-weight: 400;\"><span dir=\"auto\" style=\"vertical-align: inherit;\"><span dir=\"auto\" style=\"vertical-align: inherit;\">\u00bb) est la propri\u00e9t\u00e9 de Refresh Services.<\/span><\/span><\/span><\/li>\n<li style=\"font-weight: 400;\" aria-level=\"1\"><span style=\"font-weight: 400;\"><span dir=\"auto\" style=\"vertical-align: inherit;\"><span dir=\"auto\" style=\"vertical-align: inherit;\">Le Site est h\u00e9berg\u00e9 sur les serveurs de la soci\u00e9t\u00e9 OVH \u2013 <\/span><strong><a href=\"http:\/\/www.ovh.com\/\" target=\"_blank\" rel=\"noopener\"><span dir=\"auto\" style=\"vertical-align: inherit;\">www.ovh.com<\/span><\/a><\/strong><\/span><strong>\u00a0<\/strong><\/span><\/li>\n<li style=\"font-weight: 400;\" aria-level=\"1\"><span style=\"font-weight: 400;\"><span dir=\"auto\" style=\"vertical-align: inherit;\"><span dir=\"auto\" style=\"vertical-align: inherit;\">Le site est mis en ligne par la soci\u00e9t\u00e9 GRAPH&rsquo;IN SAS, immatricul\u00e9e au RCS de NANTES sous le num\u00e9ro 834 911 240, dont le si\u00e8ge social est situ\u00e9 au 2 rue Robert Le Ricolais, 44300 NANTES.<\/span><\/span><\/span><\/li>\n<li style=\"font-weight: 400;\" aria-level=\"1\"><span style=\"font-weight: 400;\"><span dir=\"auto\" style=\"vertical-align: inherit;\"><span dir=\"auto\" style=\"vertical-align: inherit;\">Le Site est r\u00e9gi par le droit fran\u00e7ais.<\/span><\/span><\/span><\/li>\n<li style=\"font-weight: 400;\" aria-level=\"1\"><span style=\"font-weight: 400;\"><span dir=\"auto\" style=\"vertical-align: inherit;\"><span dir=\"auto\" style=\"vertical-align: inherit;\">Les visiteurs ayant acc\u00e8s au Site depuis l&rsquo;\u00e9tranger doivent s&rsquo;assurer du respect des lois localement applicables.<\/span><\/span><\/span><\/li>\n<li style=\"font-weight: 400;\" aria-level=\"1\"><span style=\"font-weight: 400;\"><span dir=\"auto\" style=\"vertical-align: inherit;\"><span dir=\"auto\" style=\"vertical-align: inherit;\">Les mentions l\u00e9gales du Site pouvant \u00eatre modifi\u00e9es \u00e0 tout moment et sans pr\u00e9avis, nous vous invitons \u00e0 les consulter r\u00e9guli\u00e8rement.<\/span><\/span><\/span><\/li>\n<li style=\"font-weight: 400;\" aria-level=\"1\"><span style=\"font-weight: 400;\"><span dir=\"auto\" style=\"vertical-align: inherit;\"><span dir=\"auto\" style=\"vertical-align: inherit;\">Les personnes qui n&rsquo;ont pas obtenu d&rsquo;accord \u00e9crit ne sont pas autoris\u00e9es \u00e0 cr\u00e9er un lien hypertexte vers le Site ou l&rsquo;une de ses pages.<\/span><\/span><\/span><\/li>\n<\/ol>\n<h2><\/h2>\n<ul>\n<li aria-level=\"1\">\n<h3><b><span dir=\"auto\" style=\"vertical-align: inherit;\"><span dir=\"auto\" style=\"vertical-align: inherit;\">2 Propri\u00e9t\u00e9 intellectuelle<\/span><\/span><\/b><\/h3>\n<\/li>\n<\/ul>\n<ol>\n<li style=\"font-weight: 400;\" aria-level=\"1\"><span style=\"font-weight: 400;\"><span dir=\"auto\" style=\"vertical-align: inherit;\"><span dir=\"auto\" style=\"vertical-align: inherit;\">MonKitElec d\u00e9tient, se r\u00e9serve et conserve tous les droits de propri\u00e9t\u00e9, notamment intellectuels, y compris les droits de reproduction, sur le Site et les \u00e9l\u00e9ments qu&rsquo;il contient.<\/span><\/span><\/span><\/li>\n<li style=\"font-weight: 400;\" aria-level=\"1\"><span style=\"font-weight: 400;\"><span dir=\"auto\" style=\"vertical-align: inherit;\"><span dir=\"auto\" style=\"vertical-align: inherit;\">En cons\u00e9quence, toute reproduction partielle ou totale du Site et des \u00e9l\u00e9ments qu&rsquo;il contient est strictement interdite sans l&rsquo;autorisation \u00e9crite pr\u00e9alable de MonKitElec.<\/span><\/span><\/span><\/li>\n<li style=\"font-weight: 400;\" aria-level=\"1\"><span style=\"font-weight: 400;\"><span dir=\"auto\" style=\"vertical-align: inherit;\"><span dir=\"auto\" style=\"vertical-align: inherit;\">Les logos et tous les autres signes distinctifs contenus sur le Site sont la propri\u00e9t\u00e9 de MonKitElec ou font l&rsquo;objet d&rsquo;une autorisation d&rsquo;utilisation.<\/span><\/span><\/span><\/li>\n<li style=\"font-weight: 400;\" aria-level=\"1\"><span style=\"font-weight: 400;\"><span dir=\"auto\" style=\"vertical-align: inherit;\"><span dir=\"auto\" style=\"vertical-align: inherit;\">Aucun droit ou licence ne saurait \u00eatre attribu\u00e9 sur l&rsquo;un quelconque des \u00e9l\u00e9ments du Site sans l&rsquo;autorisation \u00e9crite de MonKitElec ou du tiers d\u00e9tenteur des droits.<\/span><\/span><\/span><\/li>\n<\/ol>\n<h2><\/h2>\n<ul>\n<li aria-level=\"1\">\n<h3><b><span dir=\"auto\" style=\"vertical-align: inherit;\"><span dir=\"auto\" style=\"vertical-align: inherit;\">3 Exclusion de garantie et de responsabilit\u00e9<\/span><\/span><\/b><\/h3>\n<\/li>\n<\/ul>\n<ol>\n<li style=\"font-weight: 400;\" aria-level=\"1\"><span style=\"font-weight: 400;\"><span dir=\"auto\" style=\"vertical-align: inherit;\"><span dir=\"auto\" style=\"vertical-align: inherit;\">L&rsquo;utilisateur du Site reconna\u00eet avoir pris connaissance des conditions d&rsquo;utilisation du Site et s&rsquo;engage \u00e0 les respecter.<\/span><\/span><\/span><\/li>\n<li style=\"font-weight: 400;\" aria-level=\"1\"><span style=\"font-weight: 400;\"><span dir=\"auto\" style=\"vertical-align: inherit;\"><span dir=\"auto\" style=\"vertical-align: inherit;\">MonKitElec ne saurait \u00eatre tenu pour responsable des dommages directs ou indirects qui pourraient r\u00e9sulter de l&rsquo;acc\u00e8s au Site ou de l&rsquo;utilisation du Site et\/ou de ces informations, y compris, sans que cette liste soit limitative, l&rsquo;inaccessibilit\u00e9, les pertes de donn\u00e9es, d\u00e9t\u00e9riorations, destructions ou virus qui pourraient affecter l&rsquo;\u00e9quipement informatique de l&rsquo;utilisateur et\/ou de la pr\u00e9sence de virus sur son Site.<\/span><\/span><\/span><\/li>\n<li style=\"font-weight: 400;\" aria-level=\"1\"><span style=\"font-weight: 400;\"><span dir=\"auto\" style=\"vertical-align: inherit;\"><span dir=\"auto\" style=\"vertical-align: inherit;\">Bien que MonKitElec s&rsquo;efforce de fournir un contenu fiable sur son Site, elle ne garantit pas que son contenu soit exempt d&rsquo;inexactitudes ou d&rsquo;omissions et ne saurait \u00eatre tenu pour responsable des erreurs ou omissions, d&rsquo;une absence de disponibilit\u00e9 des informations et des services.<\/span><\/span><\/span><\/li>\n<li style=\"font-weight: 400;\" aria-level=\"1\"><span style=\"font-weight: 400;\"><span dir=\"auto\" style=\"vertical-align: inherit;\"><span dir=\"auto\" style=\"vertical-align: inherit;\">MonKitElec se r\u00e9serve \u00e0 tout moment et sans pr\u00e9avis le droit d&rsquo;apporter des am\u00e9liorations et\/ou des modifications au contenu de son Site.<\/span><\/span><\/span><span dir=\"auto\" style=\"vertical-align: inherit;\"><span dir=\"auto\" style=\"vertical-align: inherit;\"> En cons\u00e9quence, l&rsquo;utilisateur reconna\u00eet se servir de ses informations sous sa responsabilit\u00e9 exclusive.<\/span><\/span><\/li>\n<\/ol>\n<ul>\n<li aria-level=\"1\">\n<h3><b><span dir=\"auto\" style=\"vertical-align: inherit;\"><span dir=\"auto\" style=\"vertical-align: inherit;\">4 Liens vers d&rsquo;autres sites<\/span><\/span><\/b><\/h3>\n<\/li>\n<\/ul>\n<ol>\n<li style=\"font-weight: 400;\" aria-level=\"1\"><span style=\"font-weight: 400;\"><span dir=\"auto\" style=\"vertical-align: inherit;\"><span dir=\"auto\" style=\"vertical-align: inherit;\">Le Site peut inclure des liens vers d&rsquo;autres sites ou d&rsquo;autres sources Internet.<\/span><\/span><\/span><\/li>\n<li style=\"font-weight: 400;\" aria-level=\"1\"><span style=\"font-weight: 400;\"><span dir=\"auto\" style=\"vertical-align: inherit;\"><span dir=\"auto\" style=\"vertical-align: inherit;\">Dans la mesure o\u00f9 MonKitElec ne peut contr\u00f4ler ces sites et ces sources externes, MonKitElec ne peut \u00eatre tenu pour responsable de la mise \u00e0 disposition de ces sites et sources externes, et d\u00e9cline ainsi toute responsabilit\u00e9 quant aux contenus, publicit\u00e9s, produits, services ou tout autre mat\u00e9riel disponible sur ou \u00e0 partir de ces sites ou sources externes.<\/span><\/span><\/span><\/li>\n<li style=\"font-weight: 400;\" aria-level=\"1\"><span style=\"font-weight: 400;\"><span dir=\"auto\" style=\"vertical-align: inherit;\"><span dir=\"auto\" style=\"vertical-align: inherit;\">Ces liens sont propos\u00e9s aux utilisateurs du Site en tant que service.<\/span><\/span><\/span><\/li>\n<li style=\"font-weight: 400;\" aria-level=\"1\"><span style=\"font-weight: 400;\"><span dir=\"auto\" style=\"vertical-align: inherit;\"><span dir=\"auto\" style=\"vertical-align: inherit;\">La d\u00e9cision d&rsquo;activer les liens vous appartient exclusivement.<\/span><\/span><\/span><\/li>\n<li style=\"font-weight: 400;\" aria-level=\"1\"><span style=\"font-weight: 400;\"><span dir=\"auto\" style=\"vertical-align: inherit;\"><span dir=\"auto\" style=\"vertical-align: inherit;\">Nous vous rappelons que les sites non affili\u00e9s sont soumis \u00e0 leurs propres conditions d&rsquo;utilisation.<\/span><\/span><\/span><\/li>\n<\/ol>\n<ul>\n<li aria-level=\"1\">\n<h3><b><span dir=\"auto\" style=\"vertical-align: inherit;\"><span dir=\"auto\" style=\"vertical-align: inherit;\">5 Protection des donn\u00e9es \u00e0 caract\u00e8re personnel<\/span><\/span><\/b><\/h3>\n<\/li>\n<\/ul>\n<ol>\n<li style=\"font-weight: 400;\" aria-level=\"1\"><span style=\"font-weight: 400;\"><span dir=\"auto\" style=\"vertical-align: inherit;\"><span dir=\"auto\" style=\"vertical-align: inherit;\">Lorsque vous visitez le Site, des donn\u00e9es \u00e0 caract\u00e8re personnel vous concernant peuvent \u00eatre collect\u00e9es et trait\u00e9es par l&rsquo;\u00e9diteur \u00e0 des fins de constitution d&rsquo;un fichier d&rsquo;adresses pour l&rsquo;envoi notamment de communication externe, \u00e0 l&rsquo;exclusion de toute sollicitation commerciale.<\/span><\/span><\/span><\/li>\n<li style=\"font-weight: 400;\" aria-level=\"1\"><span style=\"font-weight: 400;\"><span dir=\"auto\" style=\"vertical-align: inherit;\"><span dir=\"auto\" style=\"vertical-align: inherit;\">En sa qualit\u00e9 de responsable de traitement, MonKitElec s&rsquo;engage \u00e0 se conformer aux dispositions du R\u00e8glement (UE) 2016\/679 du Parlement europ\u00e9en et du Conseil du 27 avril 2016, relatif \u00e0 la protection des personnes physiques \u00e0 l&rsquo;\u00e9gard du traitement des donn\u00e9es \u00e0 caract\u00e8re personnel et \u00e0 la libre circulation de ces donn\u00e9es, de la Loi n\u00b078-17 du 6 janvier 1978 dite Informatique et Libert\u00e9s, dans sa version en vigueur, ainsi qu&rsquo;aux recommandations \u00e9mises par la Commission nationale de l&rsquo;informatique et des libert\u00e9s (CNIL).<\/span><\/span><\/span><\/li>\n<li style=\"font-weight: 400;\" aria-level=\"1\"><span style=\"font-weight: 400;\"><span dir=\"auto\" style=\"vertical-align: inherit;\"><span dir=\"auto\" style=\"vertical-align: inherit;\">L&rsquo;\u00e9diteur prend d\u00e8s lors toutes les pr\u00e9cautions utiles afin de prot\u00e9ger la confidentialit\u00e9 des donn\u00e9es \u00e0 caract\u00e8re personnel qui vous concernent.<\/span><\/span><\/span><\/li>\n<li style=\"font-weight: 400;\" aria-level=\"1\"><span style=\"font-weight: 400;\"><span dir=\"auto\" style=\"vertical-align: inherit;\"><span dir=\"auto\" style=\"vertical-align: inherit;\">En outre, dans le cadre de ce traitement de donn\u00e9es \u00e0 caract\u00e8re personnel, vous b\u00e9n\u00e9ficiez d&rsquo;un droit d&rsquo;acc\u00e8s et de rectification des donn\u00e9es \u00e0 caract\u00e8re personnel qui vous concernent.<\/span><\/span><\/span><\/li>\n<li style=\"font-weight: 400;\" aria-level=\"1\"><span style=\"font-weight: 400;\"><span dir=\"auto\" style=\"vertical-align: inherit;\"><span dir=\"auto\" style=\"vertical-align: inherit;\">Vous b\u00e9n\u00e9ficiez \u00e9galement d&rsquo;un droit d&rsquo;opposition, pour des motifs l\u00e9gitimes, au traitement des donn\u00e9es qui vous concernent.<\/span><\/span><\/span><\/li>\n<li style=\"font-weight: 400;\" aria-level=\"1\"><span style=\"font-weight: 400;\"><span dir=\"auto\" style=\"vertical-align: inherit;\"><span dir=\"auto\" style=\"vertical-align: inherit;\">Toute demande d&rsquo;exercice du droit d&rsquo;acc\u00e8s, de rectification ou d&rsquo;opposition doit \u00eatre effectu\u00e9e par \u00e9crit, \u00eatre sign\u00e9e par le demandeur, comporter l&rsquo;adresse \u00e0 laquelle devra \u00eatre transmise la r\u00e9ponse, \u00eatre accompagn\u00e9e d&rsquo;un justificatif de son identit\u00e9, et envoyer \u00e0 l&rsquo;adresse suivante : MonKitElec, 8 ALLEE DE MADAME, 44630 PLESSE ; ou par courriel : contact@monkitelec.fr.<\/span><\/span><\/span><\/li>\n<li style=\"font-weight: 400;\" aria-level=\"1\"><span style=\"font-weight: 400;\"><span dir=\"auto\" style=\"vertical-align: inherit;\"><span dir=\"auto\" style=\"vertical-align: inherit;\">MonKitElec r\u00e9pondra \u00e0 votre demande dans un d\u00e9lai raisonnable \u00e0 compter de sa r\u00e9ception, sous r\u00e9serve qu&rsquo;elle soit suffisamment pr\u00e9cise et comporte tous les \u00e9l\u00e9ments n\u00e9cessaires pour r\u00e9pondre \u00e0 votre demande, faute de quoi elle vous invitera \u00e0 la compl\u00e9ter.<\/span><\/span><\/span><\/li>\n<li style=\"font-weight: 400;\" aria-level=\"1\"><span style=\"font-weight: 400;\"><span dir=\"auto\" style=\"vertical-align: inherit;\"><span dir=\"auto\" style=\"vertical-align: inherit;\">Le Site ne collecte que les donn\u00e9es \u00e0 caract\u00e8re personnel express\u00e9ment demand\u00e9es et volontairement transmises par l&rsquo;utilisateur du Site.<\/span><\/span><\/span><span dir=\"auto\" style=\"vertical-align: inherit;\"><span dir=\"auto\" style=\"vertical-align: inherit;\"> \u00c0 ce titre, les informations sont transmises gr\u00e2ce au formulaire de contact, qui comporte notamment le pr\u00e9nom, le nom, l&rsquo;adresse email, le num\u00e9ro de t\u00e9l\u00e9phone, un message \u00e0 compl\u00e9ter et, le cas \u00e9ch\u00e9ant, le nom de la soci\u00e9t\u00e9.<\/span><\/span><\/li>\n<li style=\"font-weight: 400;\" aria-level=\"1\"><span style=\"font-weight: 400;\"><span dir=\"auto\" style=\"vertical-align: inherit;\"><span dir=\"auto\" style=\"vertical-align: inherit;\">Chaque collecte de donn\u00e9es \u00e0 caract\u00e8re personnel est r\u00e9alis\u00e9e sp\u00e9cifiquement pour des finalit\u00e9s explicites et cibl\u00e9es clairement sur la page du Site o\u00f9 les donn\u00e9es \u00e0 caract\u00e8re personnel sont collect\u00e9es.<\/span><\/span><\/span><span dir=\"auto\" style=\"vertical-align: inherit;\"><span dir=\"auto\" style=\"vertical-align: inherit;\"> \u00c0 ce titre, il est rappel\u00e9 que, pour le formulaire de prise de contact, la finalit\u00e9 poursuivie est la mise en relation. Conform\u00e9ment \u00e0 la r\u00e9glementation, ce traitement se rapporte \u00e0 l&rsquo;ex\u00e9cution d&rsquo;un contrat ou de mesures pr\u00e9contractuelles.<\/span><\/span><\/li>\n<li style=\"font-weight: 400;\" aria-level=\"1\"><span style=\"font-weight: 400;\"><span dir=\"auto\" style=\"vertical-align: inherit;\"><span dir=\"auto\" style=\"vertical-align: inherit;\">Il n&rsquo;existe aucune collecte de donn\u00e9es \u00e0 caract\u00e8re personnel automatis\u00e9e sur le Site.<\/span><\/span><\/span><\/li>\n<\/ol>\n<\/div><\/section>\n","protected":false},"excerpt":{"rendered":"","protected":false},"author":1,"featured_media":0,"parent":0,"menu_order":0,"comment_status":"closed","ping_status":"closed","template":"","meta":{"two_page_speed":[],"footnotes":""},"class_list":["post-64","page","type-page","status-publish","hentry"],"yoast_head":"<!-- This site is optimized with the Yoast SEO plugin v27.3 - https:\/\/yoast.com\/product\/yoast-seo-wordpress\/ -->\n<title>Mentions l\u00e9gales - Mon Kit VMC<\/title>\n<meta name=\"robots\" content=\"index, follow, max-snippet:-1, max-image-preview:large, max-video-preview:-1\" \/>\n<link rel=\"canonical\" href=\"https:\/\/www.monkitvmc.fr\/index.php\/mentions-legales\/\" \/>\n<meta property=\"og:locale\" content=\"fr_FR\" \/>\n<meta property=\"og:type\" content=\"article\" \/>\n<meta property=\"og:title\" content=\"Mentions l\u00e9gales - Mon Kit VMC\" \/>\n<meta property=\"og:url\" content=\"https:\/\/www.monkitvmc.fr\/index.php\/mentions-legales\/\" \/>\n<meta property=\"og:site_name\" content=\"Mon Kit VMC\" \/>\n<meta name=\"twitter:card\" content=\"summary_large_image\" \/>\n<meta name=\"twitter:label1\" content=\"Dur\u00e9e de lecture estim\u00e9e\" \/>\n\t<meta name=\"twitter:data1\" content=\"6 minutes\" \/>\n<script type=\"application\/ld+json\" class=\"yoast-schema-graph\">{\"@context\":\"https:\\\/\\\/schema.org\",\"@graph\":[{\"@type\":\"WebPage\",\"@id\":\"https:\\\/\\\/www.monkitvmc.fr\\\/index.php\\\/mentions-legales\\\/\",\"url\":\"https:\\\/\\\/www.monkitvmc.fr\\\/index.php\\\/mentions-legales\\\/\",\"name\":\"Mentions l\u00e9gales - Mon Kit VMC\",\"isPartOf\":{\"@id\":\"https:\\\/\\\/www.monkitvmc.fr\\\/#website\"},\"datePublished\":\"2026-04-08T10:52:29+00:00\",\"breadcrumb\":{\"@id\":\"https:\\\/\\\/www.monkitvmc.fr\\\/index.php\\\/mentions-legales\\\/#breadcrumb\"},\"inLanguage\":\"fr-FR\",\"potentialAction\":[{\"@type\":\"ReadAction\",\"target\":[\"https:\\\/\\\/www.monkitvmc.fr\\\/index.php\\\/mentions-legales\\\/\"]}]},{\"@type\":\"BreadcrumbList\",\"@id\":\"https:\\\/\\\/www.monkitvmc.fr\\\/index.php\\\/mentions-legales\\\/#breadcrumb\",\"itemListElement\":[{\"@type\":\"ListItem\",\"position\":1,\"name\":\"Accueil\",\"item\":\"https:\\\/\\\/www.monkitvmc.fr\\\/index.php\\\/mon-kit-vmc-formation-et-accompagnement-en-vmc\\\/\"},{\"@type\":\"ListItem\",\"position\":2,\"name\":\"Mentions l\u00e9gales\"}]},{\"@type\":\"WebSite\",\"@id\":\"https:\\\/\\\/www.monkitvmc.fr\\\/#website\",\"url\":\"https:\\\/\\\/www.monkitvmc.fr\\\/\",\"name\":\"Mon Kit VMC\",\"description\":\"Formation et accompagnement en VMC pour les auto-constructeurs\",\"potentialAction\":[{\"@type\":\"SearchAction\",\"target\":{\"@type\":\"EntryPoint\",\"urlTemplate\":\"https:\\\/\\\/www.monkitvmc.fr\\\/?s={search_term_string}\"},\"query-input\":{\"@type\":\"PropertyValueSpecification\",\"valueRequired\":true,\"valueName\":\"search_term_string\"}}],\"inLanguage\":\"fr-FR\"}]}<\/script>\n<!-- \/ Yoast SEO plugin. -->","yoast_head_json":{"title":"Mentions l\u00e9gales - Mon Kit VMC","robots":{"index":"index","follow":"follow","max-snippet":"max-snippet:-1","max-image-preview":"max-image-preview:large","max-video-preview":"max-video-preview:-1"},"canonical":"https:\/\/www.monkitvmc.fr\/index.php\/mentions-legales\/","og_locale":"fr_FR","og_type":"article","og_title":"Mentions l\u00e9gales - Mon Kit VMC","og_url":"https:\/\/www.monkitvmc.fr\/index.php\/mentions-legales\/","og_site_name":"Mon Kit VMC","twitter_card":"summary_large_image","twitter_misc":{"Dur\u00e9e de lecture estim\u00e9e":"6 minutes"},"schema":{"@context":"https:\/\/schema.org","@graph":[{"@type":"WebPage","@id":"https:\/\/www.monkitvmc.fr\/index.php\/mentions-legales\/","url":"https:\/\/www.monkitvmc.fr\/index.php\/mentions-legales\/","name":"Mentions l\u00e9gales - Mon Kit VMC","isPartOf":{"@id":"https:\/\/www.monkitvmc.fr\/#website"},"datePublished":"2026-04-08T10:52:29+00:00","breadcrumb":{"@id":"https:\/\/www.monkitvmc.fr\/index.php\/mentions-legales\/#breadcrumb"},"inLanguage":"fr-FR","potentialAction":[{"@type":"ReadAction","target":["https:\/\/www.monkitvmc.fr\/index.php\/mentions-legales\/"]}]},{"@type":"BreadcrumbList","@id":"https:\/\/www.monkitvmc.fr\/index.php\/mentions-legales\/#breadcrumb","itemListElement":[{"@type":"ListItem","position":1,"name":"Accueil","item":"https:\/\/www.monkitvmc.fr\/index.php\/mon-kit-vmc-formation-et-accompagnement-en-vmc\/"},{"@type":"ListItem","position":2,"name":"Mentions l\u00e9gales"}]},{"@type":"WebSite","@id":"https:\/\/www.monkitvmc.fr\/#website","url":"https:\/\/www.monkitvmc.fr\/","name":"Mon Kit VMC","description":"Formation et accompagnement en VMC pour les auto-constructeurs","potentialAction":[{"@type":"SearchAction","target":{"@type":"EntryPoint","urlTemplate":"https:\/\/www.monkitvmc.fr\/?s={search_term_string}"},"query-input":{"@type":"PropertyValueSpecification","valueRequired":true,"valueName":"search_term_string"}}],"inLanguage":"fr-FR"}]}},"_links":{"self":[{"href":"https:\/\/www.monkitvmc.fr\/index.php\/wp-json\/wp\/v2\/pages\/64","targetHints":{"allow":["GET"]}}],"collection":[{"href":"https:\/\/www.monkitvmc.fr\/index.php\/wp-json\/wp\/v2\/pages"}],"about":[{"href":"https:\/\/www.monkitvmc.fr\/index.php\/wp-json\/wp\/v2\/types\/page"}],"author":[{"embeddable":true,"href":"https:\/\/www.monkitvmc.fr\/index.php\/wp-json\/wp\/v2\/users\/1"}],"replies":[{"embeddable":true,"href":"https:\/\/www.monkitvmc.fr\/index.php\/wp-json\/wp\/v2\/comments?post=64"}],"version-history":[{"count":1,"href":"https:\/\/www.monkitvmc.fr\/index.php\/wp-json\/wp\/v2\/pages\/64\/revisions"}],"predecessor-version":[{"id":65,"href":"https:\/\/www.monkitvmc.fr\/index.php\/wp-json\/wp\/v2\/pages\/64\/revisions\/65"}],"wp:attachment":[{"href":"https:\/\/www.monkitvmc.fr\/index.php\/wp-json\/wp\/v2\/media?parent=64"}],"curies":[{"name":"wp","href":"https:\/\/api.w.org\/{rel}","templated":true}]}}